14*u**2 - 4*u + 12. Let l be b(14). List the prime factors of (11 + (-3)/3)*l/(-4).
2, 5, 11
Let t = -30 + -30. Let g = 120 - 11. Let p = g + t. What are the prime factors of p?
7
Let p(q) = -5*q + 1. Let o be p(-1). Let y(t) = 2*t**2 - 8*t + 11. What are the prime factors of y(o)?
5, 7
Let r be ((-2)/(-6))/((-2)/6). Let b(c) = -c - 1. Let a be b(r). Suppose a = 4*s - 48. What are the prime factors of s?
2, 3
Suppose -4*b = -c - 10, -3*b = -2*c - 2*c - 1. Let l = 3 + 2. Suppose -l*y + 0*y = -20, 2*y = -b*z + 83. What are the prime factors of z?
5
Suppose -l - 1 = 155. List the prime factors of 1/2*l/(-3).
2, 13
Suppose 0 = 35*g - 30*g - 3505. List the prime factors of g.
701
Let a = 69 + -53. Let j = 52 + a. List the prime factors of j.
2, 17
Suppose 3*x = -8*v + 3*v + 323, 3*x - 3*v - 339 = 0. What are the prime factors of x?
3, 37
Let w(f) = 25*f + 1. Let z be w(1). Suppose -a + 30 = -3*a. Let x = a + z. What are the prime factors of x?
11
Suppose -4*z = z + 5, -z = -5*f + 81. Suppose f + 33 = 7*a. Let g = a - -53. List the prime factors of g.
2, 3, 5
Suppose 0 = -3*s + 4*s. Suppose 0*a - 3*a - 39 = s. Let d = a - -36. List the prime factors of d.
23
Suppose 2*r = 34 + 14. Let t be (-1 + -31)*(-60)/r. Suppose -u = u - t. What are the prime factors of u?
2, 5
Let r = 508 + 162. What are the prime factors of r?
2, 5, 67
Let t(i) = 10*i + 4. Let p be t(-4). Let c = 20 - p. What are the prime factors of c?
2, 7
Let j(u) = -36*u - 10. Let i be 40/(-12) - 3/(18/(-2)). List the prime factors of j(i).
2, 7
Suppose 0*i = 3*w + i + 4, 0 = -4*w - 3*i + 3. Let g(o) = -o**2 - 5*o - 2. Let h be g(w). Suppose 20 = h*q - 2*q. List the prime factors of q.
2, 5
Let b = 27 - -125. What are the prime factors of b?
2, 19
Let b be 4 - (2 - -3)*-6. Let k = b + -23. What are the prime factors of k?
11
Let x = 80 - 81. List the prime factors of (600/(-9))/((-3)/9) + x.
199
Let c(k) = k + 2. Let p be c(0). Suppose p*d + 2*y + 8 = 4*d, 2*y - 7 = -d. Suppose -d*b - 15 = -5*f, -2*b = 6*f - 2*f - 24. What are the prime factors of b?
2
List the prime factors of 177*(-3)/((-27)/24).
2, 59
Suppose 7*z - 1520 = 3*z. Suppose 2*w = 7*w - z. What are the prime factors of w?
2, 19
Let q(g) = 72*g + 207. List the prime factors of q(15).
3, 11, 13
Suppose 4 = -2*a, a - 8 = -5*h + 5*a. What are the prime factors of (78 - 8) + h/1?
2, 5, 7
What are the prime factors of (-2)/16 + 5 + (-39825)/(-72)?
2, 3, 31
Suppose 17*m + 28 = 10*m. List the prime factors of m/(8/(-182)) - -5.
2, 3
Suppose 9*l - 2254 = 20471. What are the prime factors of l?
5, 101
Suppose 4*t + 776 - 132 = 0. Let u = t + 466. List the prime factors of u.
5, 61
Suppose -6*p + 2*p - 264 = 0. Let c = 82 + p. What are the prime factors of c?
2
Let n(g) = -g + 15. Let w be n(15). Suppose w = 3*p - 128 - 88. List the prime factors of p.
2, 3
Let h(l) = l**3 - 12*l**2 - 21*l + 94. What are the prime factors of h(16)?
2, 17, 23
Let j = 28 + -9. Let p = 0 + -3. Let c = j + p. What are the prime factors of c?
2
Suppose -13*d + 5876 = -9165. What are the prime factors of d?
13, 89
Let l be ((-2)/(-3))/(4/24). Suppose 0 = z - 3*x - 82, l*z + 2*x + 28 = 314. List the prime factors of z.
73
Let k = -88 - -91. Suppose -k*a = -472 - 209. What are the prime factors of a?
227
Let l(z) = -3*z - 2. Let p be l(-7). Let c = 37 + -35. Suppose c*f - p = 29. List the prime factors of f.
2, 3
Suppose 0 = 15*v - 18*v - 51. Let j = -14 - v. Suppose -3*m + 300 = j*m. What are the prime factors of m?
2, 5
Suppose -29*h = -8*h - 20874. What are the prime factors of h?
2, 7, 71
Suppose -2083 - 1472 = 9*f. List the prime factors of (4 + f - -3)/(-2).
2, 97
Let u be (-1)/((-4)/268*1). Let l be (0 - (-1)/(-3))/(5/615). Let j = u + l. What are the prime factors of j?
2, 13
Let o(q) = 5*q - 12. Suppose 2*s - 3*z = -7*z + 4, s - z = 17. List the prime factors of o(s).
2, 3
Let b be (1 + 9)/(-5) - -47. Let g = b + 1. What are the prime factors of g?
2, 23
Suppose -5*t - 5*j = -1600, 3*t - 5*j = 94 + 906. Suppose -q + t = 4*q. List the prime factors of q.
5, 13
Let b = 356 - -440. List the prime factors of b.
2, 199
Suppose -4*n + 5*h = -2368, 4*n - 2*h - 142 - 2214 = 0. What are the prime factors of n?
587
Let h(s) = -s**2 - 9*s - 12. Let i be h(-6). Suppose 0 = -i*k + 16 + 8. What are the prime factors of k?
2
Let a = 180 + -58. List the prime factors of a.
2, 61
Let y = 121 + -117. Suppose 4*f = 3*c - 717, 0*c + y*c = 5*f + 957. What are the prime factors of c?
3
Let s be -13 - (-3 + -1) - -3. What are the prime factors of (2 + s)/(4/(-58))?
2, 29
Suppose 28 = -2*x + 9*x. Suppose m - x*h - 98 = -2*m, 4*m = 2*h + 134. List the prime factors of m.
2, 17
Suppose -7*z + 2*z = -0*z. Let a(i) = 2*i + 18. What are the prime factors of a(z)?
2, 3
Let q(n) be the first derivative of -9*n**2/2 + 6*n - 1. Let l = -516 - -513. List the prime factors of q(l).
3, 11
Suppose 68*t - 139033 - 18659 = 0. List the prime factors of t.
3, 773
Let o(r) = -33*r - 232. List the prime factors of o(-47).
1319
Suppose 0 = 3*m + 3*u - 168, 6*u = -3*m + 7*u + 168. Let w = -2 + 2. Suppose w = -3*x + x + m. List the prime factors of x.
2, 7
Let w(d) = -d**3 - d**2 + 6*d + 3. Suppose -5*v + v + 36 = 0. Suppose t + v = 5. What are the prime factors of w(t)?
3
Suppose 0 = 4*j - q - 1, 4*j + 0 = -2*q - 2. Let r(n) = 123 - 76 + 28*n - 28*n + n**2. List the prime factors of r(j).
47
Suppose t - 16 = 4*u, 4*u + 16 = -3*t + 2*t. Suppose t = k + 3 + 11. Let h = 24 + k. List the prime factors of h.
2, 5
Let w(a) = -a**3 - 16*a**2 - 19*a + 2. Let l be w(-14). What are the prime factors of (9 + -3)/((-6)/l)?
2, 31
List the prime factors of 43446/52*(-4)/(-3).
2, 557
Let q(m) = -m**2 - 36*m + 15. List the prime factors of q(-14).
17, 19
Let m(d) be the third derivative of d**5/30 - d**4/4 - 2*d**3/3 + 2*d**2. Suppose -5*u + 27 + 3 = 0. List the prime factors of m(u).
2
Let p(u) = u**2 + 15*u - 27. Let k(d) = d**3 + d**2 - d - 18. Let y be k(0). List the prime factors of p(y).
3
List the prime factors of (38*(-46)/(-8))/((-18)/(-180)).
5, 19, 23
Let n = -359 - -833. List the prime factors of n.
2, 3, 79
Suppose 456 + 174 = 2*s. List the prime factors of s.
3, 5, 7
Let i = -746 + 1468. List the prime factors of i.
2, 19
Let u be 2/(-4) - (-10)/4. Let y be ((-2604)/18)/(u/(-3)). Suppose -5*k = -3*g - y, 0*g + g - 89 = -2*k. What are the prime factors of k?
2, 11
Suppose -2*v + 7*v + 33 = 3*k, 0 = -2*v + 5*k - 17. Let r be -3 + -4 - -3 - v. Suppose 0 = m + 2*m - 4*b - 113, r*m + 2*b = 66. What are the prime factors of m?
5, 7
Suppose d + 77 = 11. What are the prime factors of (-44)/d*(-606)/(-4)?
101
Let z(c) = -7*c + 17. Let n be z(-5). Suppose -n = -4*p + 60. List the prime factors of p.
2, 7
Let o = 238 - -4265. List the prime factors of o.
3, 19, 79
Suppose 2*w - w - 2*k - 142 = 0, 0 = -3*w - 3*k + 381. What are the prime factors of w?
2, 3, 11
Let x be 12/(16/4) - 9. Let b(y) = y**3 + 8*y**2 - 4*y + 8. Let z be b(x). Let n = z + -53. What are the prime factors of n?
3, 17
Suppose 0 = 5*a - 18 + 3. List the prime factors of (a + -1)*(5 + 26).
2, 31
Let m(i) = 5*i**2 + 4*i**2 - 6*i + 6*i**3 - 6*i**2 + 10. What are the prime factors of m(3)?
181
List the prime factors of (-3310 + (7 - 7))*(-5)/10.
5, 331
Let l = -680 - -1204. List the prime factors of l.
2, 131
Let x be 3 + 2/(-2)*3. Suppose x = 5*r + 5, 4*t - 59 = -t + 4*r. Suppose t*g + 208 = 15*g. List the prime factors of g.
2, 13
List the prime factors of -3*(-422 + 24/3).
2, 3, 23
Suppose -10*p = -0*p - 10. Suppose 8 = 4*i + 4*z, 0 = z - 2*z. What are the prime factors of i + -4*p - -34?
2
Let l(h) = 4*h**2 + 1. Let q be l(1). Suppose 4*n - 4*o + 3*o - 140 = 0, 0 = 5*n + q*o - 150. Suppose 4*c = 6 + n. What are the prime factors of c?
2, 5
Suppose 0*v = -l + 3*v + 384, v = -5*l + 2000. Let n = 564 - l. What are the prime factors of n?
3, 5, 11
Suppose -11 + 426 = 5*j. Let a(p) = -2*p**3 - 14*p**2 - 4*p + 22. Let l be a(-6). Let b = j + l. What are the prime factors of b?
3, 19
Let h(o) = -10*o**3 - 7*o**2 - 8*o - 29. List the prime factors of h(-5).
2, 3, 181
Suppose -5*m = 4*v - 1800, 0 = -2*v - 0*v. List the prime factors of m.
2, 3, 5
Suppose 5*a - 7*a = 0, -4*b + 4776 = -2*a. What are the prime factors of b?
2, 3, 199
Let k = 1111 